{"id":220,"date":"2025-08-28T23:28:38","date_gmt":"2025-08-28T23:28:38","guid":{"rendered":"https:\/\/voyaphil.com\/?page_id=220"},"modified":"2025-12-05T17:49:04","modified_gmt":"2025-12-05T17:49:04","slug":"les-trois-lacs-route-col-du-galibier-2","status":"publish","type":"page","link":"https:\/\/voyaphil.com\/en\/les-trois-lacs-route-col-du-galibier-2\/","title":{"rendered":"Les Trois Lacs &#8211; Route Col du Galibier"},"content":{"rendered":"<p>[et_pb_section fb_built=\u00a0\u00bb1&Prime; _builder_version=\u00a0\u00bb4.27.4&Prime; _module_preset=\u00a0\u00bbdefault\u00a0\u00bb background_image=\u00a0\u00bbhttps:\/\/voyaphil.com\/wp-content\/uploads\/2025\/08\/Les-Trois-Lacs-Route-Col-du-Galibier.webp\u00a0\u00bb global_colors_info=\u00a0\u00bb{}\u00a0\u00bb][et_pb_row _builder_version=\u00a0\u00bb4.27.4&Prime; _module_preset=\u00a0\u00bbdefault\u00a0\u00bb global_colors_info=\u00a0\u00bb{}\u00a0\u00bb][et_pb_column type=\u00a0\u00bb4_4&Prime; _builder_version=\u00a0\u00bb4.27.4&Prime; _module_preset=\u00a0\u00bbdefault\u00a0\u00bb global_colors_info=\u00a0\u00bb{}\u00a0\u00bb][et_pb_heading title=\u00a0\u00bbLes Trois Lacs &#8211; Route Col du Galibier\u00a0\u00bb _builder_version=\u00a0\u00bb4.27.4&Prime; _module_preset=\u00a0\u00bbdefault\u00a0\u00bb title_font=\u00a0\u00bbPlayfair Display||||||||\u00a0\u00bb title_text_align=\u00a0\u00bbcenter\u00a0\u00bb title_text_color=\u00a0\u00bb#FFFFFF\u00a0\u00bb title_text_shadow_style=\u00a0\u00bbpreset2&Prime; global_colors_info=\u00a0\u00bb{}\u00a0\u00bb][\/et_pb_heading][\/et_pb_column][\/et_pb_row][et_pb_row _builder_version=\u00a0\u00bb4.27.4&Prime; _module_preset=\u00a0\u00bbdefault\u00a0\u00bb custom_padding=\u00a0\u00bb139px|||||\u00a0\u00bb global_colors_info=\u00a0\u00bb{}\u00a0\u00bb][et_pb_column type=\u00a0\u00bb4_4&Prime; _builder_version=\u00a0\u00bb4.27.4&Prime; _module_preset=\u00a0\u00bbdefault\u00a0\u00bb global_colors_info=\u00a0\u00bb{}\u00a0\u00bb][et_pb_heading title=\u00a0\u00bbBienvenue sur la randonn\u00e9e des Trois Lacs : Cerces &#8211; Rond &#8211; Grand Ban\u00a0\u00bb _builder_version=\u00a0\u00bb4.27.4&Prime; _module_preset=\u00a0\u00bbdefault\u00a0\u00bb title_level=\u00a0\u00bbh2&Prime; title_font=\u00a0\u00bbPlayfair Display||||||||\u00a0\u00bb title_text_align=\u00a0\u00bbcenter\u00a0\u00bb title_text_color=\u00a0\u00bb#FFFFFF\u00a0\u00bb title_text_shadow_style=\u00a0\u00bbpreset2&Prime; global_colors_info=\u00a0\u00bb{}\u00a0\u00bb][\/et_pb_heading][\/et_pb_column][\/et_pb_row][\/et_pb_section][et_pb_section fb_built=\u00a0\u00bb1&Prime; _builder_version=\u00a0\u00bb4.27.4&Prime; _module_preset=\u00a0\u00bbdefault\u00a0\u00bb global_colors_info=\u00a0\u00bb{}\u00a0\u00bb][et_pb_row _builder_version=\u00a0\u00bb4.27.4&Prime; _module_preset=\u00a0\u00bbdefault\u00a0\u00bb global_colors_info=\u00a0\u00bb{}\u00a0\u00bb][et_pb_column type=\u00a0\u00bb4_4&Prime; _builder_version=\u00a0\u00bb4.27.4&Prime; _module_preset=\u00a0\u00bbdefault\u00a0\u00bb global_colors_info=\u00a0\u00bb{}\u00a0\u00bb][et_pb_text _builder_version=\u00a0\u00bb4.27.4&Prime; _module_preset=\u00a0\u00bbdefault\u00a0\u00bb text_orientation=\u00a0\u00bbjustified\u00a0\u00bb global_colors_info=\u00a0\u00bb{}\u00a0\u00bb]<\/p>\n<p><b>Cette randonn\u00e9e commence au Plan Lachat, un parking situ\u00e9 sur la route menant au Col du Galibier, \u00e0 environ 8 kilom\u00e8tres avant le sommet et 9,5 kilom\u00e8tres apr\u00e8s le village de Valloire. Le point de d\u00e9part, Plan Lachat, se trouve \u00e0 une altitude de 1962 m\u00e8tres. La randonn\u00e9e continue vers Les Mottets, qui se situe \u00e0 2137 m\u00e8tres d&rsquo;altitude, puis se dirige vers le Lac des Cerces \u00e0 2405 m\u00e8tres d&rsquo;altitude. Elle passe ensuite par le Col des Cerces \u00e0 2574 m\u00e8tres d&rsquo;altitude et descend ensuite vers les deux Lacs \u00e0 2450 m\u00e8tres d&rsquo;altitude. Ce n&rsquo;est qu&rsquo;apr\u00e8s avoir pass\u00e9 ces deux lacs que la descente devient constante par voie carrossable jusqu&rsquo;au Plan Lachat. Le d\u00e9nivel\u00e9 total de cette randonn\u00e9e est de 612 m\u00e8tres.<\/b><\/p>\n<p>[\/et_pb_text][\/et_pb_column][\/et_pb_row][\/et_pb_section][et_pb_section fb_built=\u00a0\u00bb1&Prime; _builder_version=\u00a0\u00bb4.27.4&Prime; _module_preset=\u00a0\u00bbdefault\u00a0\u00bb global_colors_info=\u00a0\u00bb{}\u00a0\u00bb][et_pb_row column_structure=\u00a0\u00bb1_2,1_2&Prime; _builder_version=\u00a0\u00bb4.27.4&Prime; _module_preset=\u00a0\u00bbdefault\u00a0\u00bb global_colors_info=\u00a0\u00bb{}\u00a0\u00bb][et_pb_column type=\u00a0\u00bb1_2&Prime; _builder_version=\u00a0\u00bb4.27.4&Prime; _module_preset=\u00a0\u00bbdefault\u00a0\u00bb global_colors_info=\u00a0\u00bb{}\u00a0\u00bb][et_pb_image src=\u00a0\u00bbhttps:\/\/voyaphil.com\/wp-content\/uploads\/2025\/08\/Plan-randonnee-des-trois-lacs.webp\u00a0\u00bb alt=\u00a0\u00bbPlan randonn\u00e9e des trois lacs\u00a0\u00bb title_text=\u00a0\u00bbPlan randonn\u00e9e des trois lacs\u00a0\u00bb show_in_lightbox=\u00a0\u00bbon\u00a0\u00bb _builder_version=\u00a0\u00bb4.27.4&Prime; _module_preset=\u00a0\u00bbdefault\u00a0\u00bb global_colors_info=\u00a0\u00bb{}\u00a0\u00bb][\/et_pb_image][\/et_pb_column][et_pb_column type=\u00a0\u00bb1_2&Prime; _builder_version=\u00a0\u00bb4.27.4&Prime; _module_preset=\u00a0\u00bbdefault\u00a0\u00bb global_colors_info=\u00a0\u00bb{}\u00a0\u00bb][et_pb_code _builder_version=\u00a0\u00bb4.27.4&Prime; _module_preset=\u00a0\u00bbdefault\u00a0\u00bb global_colors_info=\u00a0\u00bb{}\u00a0\u00bb]<iframe src=\"https:\/\/www.google.com\/maps\/embed?pb=!1m18!1m12!1m3!1d22534.91449980384!2d6.418271517844164!3d45.08854459848209!2m3!1f0!2f0!3f0!3m2!1i1024!2i768!4f13.1!3m3!1m2!1s0x478a1fb0f23a2ead%3A0x575a85a34eba8572!2sPlan%20Lachat%2C%2073450%20Valloire!5e0!3m2!1sfr!2sfr!4v1756499955776!5m2!1sfr!2sfr\" width=\"600\" height=\"450\" style=\"border:0;\" allowfullscreen=\"\" loading=\"lazy\" referrerpolicy=\"no-referrer-when-downgrade\"><\/iframe>[\/et_pb_code][\/et_pb_column][\/et_pb_row][\/et_pb_section][et_pb_section fb_built=\u00a0\u00bb1&Prime; _builder_version=\u00a0\u00bb4.27.4&Prime; _module_preset=\u00a0\u00bbdefault\u00a0\u00bb global_colors_info=\u00a0\u00bb{}\u00a0\u00bb][et_pb_row _builder_version=\u00a0\u00bb4.27.5&Prime; _module_preset=\u00a0\u00bbdefault\u00a0\u00bb][et_pb_column _builder_version=\u00a0\u00bb4.27.5&Prime; _module_preset=\u00a0\u00bbdefault\u00a0\u00bb type=\u00a0\u00bb4_4&Prime;][et_pb_heading title=\u00a0\u00bbRandonn\u00e9e Les Trois Lacs en vid\u00e9o\u00a0\u00bb _builder_version=\u00a0\u00bb4.27.5&Prime; _module_preset=\u00a0\u00bbdefault\u00a0\u00bb title_level=\u00a0\u00bbh3&Prime; title_font=\u00a0\u00bbPlayfair Display||||||||\u00a0\u00bb title_text_align=\u00a0\u00bbcenter\u00a0\u00bb hover_enabled=\u00a0\u00bb0&Prime; sticky_enabled=\u00a0\u00bb0&Prime;][\/et_pb_heading][\/et_pb_column][\/et_pb_row][et_pb_row _builder_version=\u00a0\u00bb4.27.4&Prime; _module_preset=\u00a0\u00bbdefault\u00a0\u00bb global_colors_info=\u00a0\u00bb{}\u00a0\u00bb][et_pb_column type=\u00a0\u00bb4_4&Prime; _builder_version=\u00a0\u00bb4.27.4&Prime; _module_preset=\u00a0\u00bbdefault\u00a0\u00bb global_colors_info=\u00a0\u00bb{}\u00a0\u00bb][et_pb_video src=\u00a0\u00bbhttps:\/\/www.youtube.com\/watch?v=mc8qIJnUMlQ\u00a0\u00bb _builder_version=\u00a0\u00bb4.27.4&Prime; _module_preset=\u00a0\u00bbdefault\u00a0\u00bb border_radii=\u00a0\u00bbon|10px|10px|10px|10px\u00a0\u00bb global_colors_info=\u00a0\u00bb{}\u00a0\u00bb][\/et_pb_video][\/et_pb_column][\/et_pb_row][\/et_pb_section]<\/p>\n","protected":false},"excerpt":{"rendered":"<p>Cette randonn\u00e9e commence au Plan Lachat, un parking situ\u00e9 sur la route menant au Col du Galibier, \u00e0 environ 8 kilom\u00e8tres avant le sommet et 9,5 kilom\u00e8tres apr\u00e8s le village de Valloire. Le point de d\u00e9part, Plan Lachat, se trouve \u00e0 une altitude de 1962 m\u00e8tres. La randonn\u00e9e continue vers Les Mottets, qui se situe [&hellip;]<\/p>\n","protected":false},"author":1,"featured_media":0,"parent":0,"menu_order":0,"comment_status":"closed","ping_status":"closed","template":"","meta":{"_seopress_robots_primary_cat":"","_seopress_titles_title":"Les Trois Lacs \u2013 randonn\u00e9e au Col du Galibier en vid\u00e9o","_seopress_titles_desc":"Les Trois Lacs, sur la route du Col du Galibier : randonn\u00e9e depuis Plan Lachat, entre paysages alpins et lacs scintillants, r\u00e9v\u00e9l\u00e9s en vid\u00e9o immersive.","_seopress_robots_index":"","_et_pb_use_builder":"on","_et_pb_old_content":"","_et_gb_content_width":"","footnotes":""},"class_list":["post-220","page","type-page","status-publish","hentry"],"_links":{"self":[{"href":"https:\/\/voyaphil.com\/en\/wp-json\/wp\/v2\/pages\/220","targetHints":{"allow":["GET"]}}],"collection":[{"href":"https:\/\/voyaphil.com\/en\/wp-json\/wp\/v2\/pages"}],"about":[{"href":"https:\/\/voyaphil.com\/en\/wp-json\/wp\/v2\/types\/page"}],"author":[{"embeddable":true,"href":"https:\/\/voyaphil.com\/en\/wp-json\/wp\/v2\/users\/1"}],"replies":[{"embeddable":true,"href":"https:\/\/voyaphil.com\/en\/wp-json\/wp\/v2\/comments?post=220"}],"version-history":[{"count":9,"href":"https:\/\/voyaphil.com\/en\/wp-json\/wp\/v2\/pages\/220\/revisions"}],"predecessor-version":[{"id":3129,"href":"https:\/\/voyaphil.com\/en\/wp-json\/wp\/v2\/pages\/220\/revisions\/3129"}],"wp:attachment":[{"href":"https:\/\/voyaphil.com\/en\/wp-json\/wp\/v2\/media?parent=220"}],"curies":[{"name":"wp","href":"https:\/\/api.w.org\/{rel}","templated":true}]}}

<p>[et_pb_section fb_built= »1&Prime; _builder_version= »4.27.4&Prime; _module_preset= »default » background_image= »https://voyaphil.com/wp-content/uploads/2025/08/Les-Trois-Lacs-Route-Col-du-Galibier.webp » global_colors_info= »{} »][et_pb_row _builder_version= »4.27.4&Prime; _module_preset= »default » global_colors_info= »{} »][et_pb_column type= »4_4&Prime; _builder_version= »4.27.4&Prime; _module_preset= »default » global_colors_info= »{} »][et_pb_heading title= »Les Trois Lacs &#8211; Route Col du Galibier » _builder_version= »4.27.4&Prime; _module_preset= »default » title_font= »Playfair Display|||||||| » title_text_align= »center » title_text_color= »#FFFFFF » title_text_shadow_style= »preset2&Prime; global_colors_info= »{} »][/et_pb_heading][/et_pb_column][/et_pb_row][et_pb_row _builder_version= »4.27.4&Prime; _module_preset= »default » custom_padding= »139px||||| » global_colors_info= »{} »][et_pb_column type= »4_4&Prime; _builder_version= »4.27.4&Prime; _module_preset= »default » global_colors_info= »{} »][et_pb_heading title= »Bienvenue sur la randonnée des Trois Lacs : Cerces &#8211; Rond &#8211; Grand Ban » _builder_version= »4.27.4&Prime; _module_preset= »default » title_level= »h2&Prime; title_font= »Playfair Display|||||||| » title_text_align= »center » title_text_color= »#FFFFFF » title_text_shadow_style= »preset2&Prime; global_colors_info= »{} »][/et_pb_heading][/et_pb_column][/et_pb_row][/et_pb_section][et_pb_section fb_built= »1&Prime; _builder_version= »4.27.4&Prime; _module_preset= »default » global_colors_info= »{} »][et_pb_row _builder_version= »4.27.4&Prime; _module_preset= »default » global_colors_info= »{} »][et_pb_column type= »4_4&Prime; _builder_version= »4.27.4&Prime; _module_preset= »default » global_colors_info= »{} »][et_pb_text _builder_version= »4.27.4&Prime; _module_preset= »default » text_orientation= »justified » global_colors_info= »{} »]</p>
<p><b>Cette randonnée commence au Plan Lachat, un parking situé sur la route menant au Col du Galibier, à environ 8 kilomètres avant le sommet et 9,5 kilomètres après le village de Valloire. Le point de départ, Plan Lachat, se trouve à une altitude de 1962 mètres. La randonnée continue vers Les Mottets, qui se situe à 2137 mètres d&rsquo;altitude, puis se dirige vers le Lac des Cerces à 2405 mètres d&rsquo;altitude. Elle passe ensuite par le Col des Cerces à 2574 mètres d&rsquo;altitude et descend ensuite vers les deux Lacs à 2450 mètres d&rsquo;altitude. Ce n&rsquo;est qu&rsquo;après avoir passé ces deux lacs que la descente devient constante par voie carrossable jusqu&rsquo;au Plan Lachat. Le dénivelé total de cette randonnée est de 612 mètres.</b></p>
<p>[/et_pb_text][/et_pb_column][/et_pb_row][/et_pb_section][et_pb_section fb_built= »1&Prime; _builder_version= »4.27.4&Prime; _module_preset= »default » global_colors_info= »{} »][et_pb_row column_structure= »1_2,1_2&Prime; _builder_version= »4.27.4&Prime; _module_preset= »default » global_colors_info= »{} »][et_pb_column type= »1_2&Prime; _builder_version= »4.27.4&Prime; _module_preset= »default » global_colors_info= »{} »][et_pb_image src= »https://voyaphil.com/wp-content/uploads/2025/08/Plan-randonnee-des-trois-lacs.webp » alt= »Plan randonnée des trois lacs » title_text= »Plan randonnée des trois lacs » show_in_lightbox= »on » _builder_version= »4.27.4&Prime; _module_preset= »default » global_colors_info= »{} »][/et_pb_image][/et_pb_column][et_pb_column type= »1_2&Prime; _builder_version= »4.27.4&Prime; _module_preset= »default » global_colors_info= »{} »][et_pb_code _builder_version= »4.27.4&Prime; _module_preset= »default » global_colors_info= »{} »]<iframe src="https://www.google.com/maps/embed?pb=!1m18!1m12!1m3!1d22534.91449980384!2d6.418271517844164!3d45.08854459848209!2m3!1f0!2f0!3f0!3m2!1i1024!2i768!4f13.1!3m3!1m2!1s0x478a1fb0f23a2ead%3A0x575a85a34eba8572!2sPlan%20Lachat%2C%2073450%20Valloire!5e0!3m2!1sfr!2sfr!4v1756499955776!5m2!1sfr!2sfr" width="600" height="450" style="border:0;" allowfullscreen="" loading="lazy" referrerpolicy="no-referrer-when-downgrade"></iframe>[/et_pb_code][/et_pb_column][/et_pb_row][/et_pb_section][et_pb_section fb_built= »1&Prime; _builder_version= »4.27.4&Prime; _module_preset= »default » global_colors_info= »{} »][et_pb_row _builder_version= »4.27.5&Prime; _module_preset= »default »][et_pb_column _builder_version= »4.27.5&Prime; _module_preset= »default » type= »4_4&Prime;][et_pb_heading title= »Randonnée Les Trois Lacs en vidéo » _builder_version= »4.27.5&Prime; _module_preset= »default » title_level= »h3&Prime; title_font= »Playfair Display|||||||| » title_text_align= »center » hover_enabled= »0&Prime; sticky_enabled= »0&Prime;][/et_pb_heading][/et_pb_column][/et_pb_row][et_pb_row _builder_version= »4.27.4&Prime; _module_preset= »default » global_colors_info= »{} »][et_pb_column type= »4_4&Prime; _builder_version= »4.27.4&Prime; _module_preset= »default » global_colors_info= »{} »][et_pb_video src= »https://www.youtube.com/watch?v=mc8qIJnUMlQ » _builder_version= »4.27.4&Prime; _module_preset= »default » border_radii= »on|10px|10px|10px|10px » global_colors_info= »{} »][/et_pb_video][/et_pb_column][/et_pb_row][/et_pb_section]</p>

<p>Cette randonnée commence au Plan Lachat, un parking situé sur la route menant au Col du Galibier, à environ 8 kilomètres avant le sommet et 9,5 kilomètres après le village de Valloire. Le point de départ, Plan Lachat, se trouve à une altitude de 1962 mètres. La randonnée continue vers Les Mottets, qui se situe [&hellip;]</p>

Les Trois Lacs – randonnée au Col du Galibier en vidéo

Les Trois Lacs, sur la route du Col du Galibier : randonnée depuis Plan Lachat, entre paysages alpins et lacs scintillants, révélés en vidéo immersive.
