{"id":250,"date":"2025-08-29T00:00:34","date_gmt":"2025-08-29T00:00:34","guid":{"rendered":"https:\/\/voyaphil.com\/?page_id=250"},"modified":"2025-12-04T23:40:03","modified_gmt":"2025-12-04T23:40:03","slug":"gorges-dapremont-2","status":"publish","type":"page","link":"https:\/\/voyaphil.com\/en\/gorges-dapremont-2\/","title":{"rendered":"Gorges d&rsquo;Apremont"},"content":{"rendered":"<p>[et_pb_section fb_built=\u00a0\u00bb1&Prime; _builder_version=\u00a0\u00bb4.27.4&Prime; _module_preset=\u00a0\u00bbdefault\u00a0\u00bb background_image=\u00a0\u00bbhttps:\/\/voyaphil.com\/wp-content\/uploads\/2025\/08\/Gorges-dApremon-foret-de-fontainebleau.webp\u00a0\u00bb global_colors_info=\u00a0\u00bb{}\u00a0\u00bb][et_pb_row _builder_version=\u00a0\u00bb4.27.4&Prime; _module_preset=\u00a0\u00bbdefault\u00a0\u00bb global_colors_info=\u00a0\u00bb{}\u00a0\u00bb][et_pb_column type=\u00a0\u00bb4_4&Prime; _builder_version=\u00a0\u00bb4.27.4&Prime; _module_preset=\u00a0\u00bbdefault\u00a0\u00bb global_colors_info=\u00a0\u00bb{}\u00a0\u00bb][et_pb_heading title=\u00a0\u00bbGorges d&rsquo;Apremont\u00a0\u00bb _builder_version=\u00a0\u00bb4.27.4&Prime; _module_preset=\u00a0\u00bbdefault\u00a0\u00bb title_font=\u00a0\u00bbPlayfair Display||||||||\u00a0\u00bb title_text_align=\u00a0\u00bbcenter\u00a0\u00bb title_text_color=\u00a0\u00bb#FFFFFF\u00a0\u00bb title_text_shadow_style=\u00a0\u00bbpreset2&Prime; global_colors_info=\u00a0\u00bb{}\u00a0\u00bb][\/et_pb_heading][\/et_pb_column][\/et_pb_row][et_pb_row _builder_version=\u00a0\u00bb4.27.4&Prime; _module_preset=\u00a0\u00bbdefault\u00a0\u00bb custom_margin=\u00a0\u00bb64px|auto||auto||\u00a0\u00bb global_colors_info=\u00a0\u00bb{}\u00a0\u00bb][et_pb_column type=\u00a0\u00bb4_4&Prime; _builder_version=\u00a0\u00bb4.27.4&Prime; _module_preset=\u00a0\u00bbdefault\u00a0\u00bb global_colors_info=\u00a0\u00bb{}\u00a0\u00bb][et_pb_heading title=\u00a0\u00bbBienvenue sur la randonn\u00e9e des Gorges d&rsquo;Apremont en For\u00eat de Fontainebleau\u00a0\u00bb _builder_version=\u00a0\u00bb4.27.4&Prime; _module_preset=\u00a0\u00bbdefault\u00a0\u00bb title_level=\u00a0\u00bbh2&Prime; title_font=\u00a0\u00bbPlayfair Display||||||||\u00a0\u00bb title_text_align=\u00a0\u00bbcenter\u00a0\u00bb title_text_color=\u00a0\u00bb#FFFFFF\u00a0\u00bb title_text_shadow_style=\u00a0\u00bbpreset2&Prime; global_colors_info=\u00a0\u00bb{}\u00a0\u00bb][\/et_pb_heading][\/et_pb_column][\/et_pb_row][\/et_pb_section][et_pb_section fb_built=\u00a0\u00bb1&Prime; _builder_version=\u00a0\u00bb4.27.4&Prime; _module_preset=\u00a0\u00bbdefault\u00a0\u00bb global_colors_info=\u00a0\u00bb{}\u00a0\u00bb][et_pb_row _builder_version=\u00a0\u00bb4.27.4&Prime; _module_preset=\u00a0\u00bbdefault\u00a0\u00bb global_colors_info=\u00a0\u00bb{}\u00a0\u00bb][et_pb_column type=\u00a0\u00bb4_4&Prime; _builder_version=\u00a0\u00bb4.27.4&Prime; _module_preset=\u00a0\u00bbdefault\u00a0\u00bb global_colors_info=\u00a0\u00bb{}\u00a0\u00bb][et_pb_text _builder_version=\u00a0\u00bb4.27.4&Prime; _module_preset=\u00a0\u00bbdefault\u00a0\u00bb text_orientation=\u00a0\u00bbjustified\u00a0\u00bb global_colors_info=\u00a0\u00bb{}\u00a0\u00bb]<\/p>\n<p><b>Pour vous rendre \u00e0 cette randonn\u00e9e, il suffit d\u2019aller jusqu\u2019au village des peintres de Barbizon, prendre sa rue principale et traversez le village, et au bout en entrant dans la for\u00eat, vous pouvez vous garer (parking en 1 sur le plan).<\/b><\/p>\n<div><b>Ensuite c&rsquo;est tr\u00e8s simple, car le parcours est fl\u00e9ch\u00e9 d\u2019un trait bleu et portant le num\u00e9ro 6. Compter 2h30\u2019 en prenant le temps de faire des photos et d\u2019admirer le paysage. Distance d\u2019environ 9 km avec des passages dans les rochers.<\/b><\/div>\n<div><b>En 2 sur le plan, vous verrez le rocher de l\u2019\u00e9l\u00e9phant.<\/b><\/div>\n<div><b>En 3, c\u2019est le point de vue des gorges d\u2019Apremont.<\/b><\/div>\n<div><b>En 4, suivez la bifurcation num\u00e9rot\u00e9e en 6.6 pour prendre la direction de la Mare aux Biches par les cr\u00eates d\u2019Apremont, sinon vous ferez des kilom\u00e8tres suppl\u00e9mentaires.<\/b><\/div>\n<div><b>En 5, vous passerez \u00e0 la caverne des brigands avant de redescendre vers le carrefour du Bas Br\u00e9au et la route de Barbizon.Apr\u00e8s cette balade, vous pouvez fl\u00e2ner dans le village des peintres de Barbizon et boire un verre.<\/b><\/div>\n<p>[\/et_pb_text][\/et_pb_column][\/et_pb_row][\/et_pb_section][et_pb_section fb_built=\u00a0\u00bb1&Prime; _builder_version=\u00a0\u00bb4.27.4&Prime; _module_preset=\u00a0\u00bbdefault\u00a0\u00bb global_colors_info=\u00a0\u00bb{}\u00a0\u00bb][et_pb_row column_structure=\u00a0\u00bb1_2,1_2&Prime; _builder_version=\u00a0\u00bb4.27.4&Prime; _module_preset=\u00a0\u00bbdefault\u00a0\u00bb global_colors_info=\u00a0\u00bb{}\u00a0\u00bb][et_pb_column type=\u00a0\u00bb1_2&Prime; _builder_version=\u00a0\u00bb4.27.4&Prime; _module_preset=\u00a0\u00bbdefault\u00a0\u00bb global_colors_info=\u00a0\u00bb{}\u00a0\u00bb][et_pb_image src=\u00a0\u00bbhttps:\/\/voyaphil.com\/wp-content\/uploads\/2025\/08\/Plan-gorges-dapremont.webp\u00a0\u00bb alt=\u00a0\u00bbPlan gorges d&rsquo;apremont\u00a0\u00bb title_text=\u00a0\u00bbPlan gorges d&rsquo;apremont\u00a0\u00bb show_in_lightbox=\u00a0\u00bbon\u00a0\u00bb _builder_version=\u00a0\u00bb4.27.4&Prime; _module_preset=\u00a0\u00bbdefault\u00a0\u00bb global_colors_info=\u00a0\u00bb{}\u00a0\u00bb][\/et_pb_image][\/et_pb_column][et_pb_column type=\u00a0\u00bb1_2&Prime; _builder_version=\u00a0\u00bb4.27.4&Prime; _module_preset=\u00a0\u00bbdefault\u00a0\u00bb global_colors_info=\u00a0\u00bb{}\u00a0\u00bb][et_pb_code _builder_version=\u00a0\u00bb4.27.4&Prime; _module_preset=\u00a0\u00bbdefault\u00a0\u00bb global_colors_info=\u00a0\u00bb{}\u00a0\u00bb]<iframe src=\"https:\/\/www.google.com\/maps\/embed?pb=!1m18!1m12!1m3!1d21178.01826983259!2d2.615789424975428!3d48.43249761174895!2m3!1f0!2f0!3f0!3m2!1i1024!2i768!4f13.1!3m3!1m2!1s0x47e5f236be5124d3%3A0x43d729fb0bf2cfdd!2sGorges%20d&#39;Apremont!5e0!3m2!1sfr!2sfr!4v1756499512965!5m2!1sfr!2sfr\" width=\"600\" height=\"450\" style=\"border:0;\" allowfullscreen=\"\" loading=\"lazy\" referrerpolicy=\"no-referrer-when-downgrade\"><\/iframe>[\/et_pb_code][\/et_pb_column][\/et_pb_row][\/et_pb_section][et_pb_section fb_built=\u00a0\u00bb1&Prime; _builder_version=\u00a0\u00bb4.27.4&Prime; _module_preset=\u00a0\u00bbdefault\u00a0\u00bb global_colors_info=\u00a0\u00bb{}\u00a0\u00bb][et_pb_row _builder_version=\u00a0\u00bb4.27.4&Prime; _module_preset=\u00a0\u00bbdefault\u00a0\u00bb][et_pb_column _builder_version=\u00a0\u00bb4.27.4&Prime; _module_preset=\u00a0\u00bbdefault\u00a0\u00bb type=\u00a0\u00bb4_4&Prime;][et_pb_heading title=\u00a0\u00bbRandonn\u00e9e aux Gorges d\u2019Apremont en vid\u00e9o\u00a0\u00bb _builder_version=\u00a0\u00bb4.27.4&Prime; _module_preset=\u00a0\u00bbdefault\u00a0\u00bb title_level=\u00a0\u00bbh3&Prime; title_font=\u00a0\u00bbPlayfair Display||||||||\u00a0\u00bb title_text_align=\u00a0\u00bbcenter\u00a0\u00bb hover_enabled=\u00a0\u00bb0&Prime; sticky_enabled=\u00a0\u00bb0&Prime;][\/et_pb_heading][\/et_pb_column][\/et_pb_row][et_pb_row _builder_version=\u00a0\u00bb4.27.4&Prime; _module_preset=\u00a0\u00bbdefault\u00a0\u00bb global_colors_info=\u00a0\u00bb{}\u00a0\u00bb][et_pb_column type=\u00a0\u00bb4_4&Prime; _builder_version=\u00a0\u00bb4.27.4&Prime; _module_preset=\u00a0\u00bbdefault\u00a0\u00bb global_colors_info=\u00a0\u00bb{}\u00a0\u00bb][et_pb_video src=\u00a0\u00bbhttps:\/\/www.youtube.com\/watch?v=OfA5mfernPM\u00a0\u00bb _builder_version=\u00a0\u00bb4.27.4&Prime; _module_preset=\u00a0\u00bbdefault\u00a0\u00bb border_radii=\u00a0\u00bbon|10px|10px|10px|10px\u00a0\u00bb global_colors_info=\u00a0\u00bb{}\u00a0\u00bb][\/et_pb_video][\/et_pb_column][\/et_pb_row][\/et_pb_section]<\/p>\n","protected":false},"excerpt":{"rendered":"<p>Pour vous rendre \u00e0 cette randonn\u00e9e, il suffit d\u2019aller jusqu\u2019au village des peintres de Barbizon, prendre sa rue principale et traversez le village, et au bout en entrant dans la for\u00eat, vous pouvez vous garer (parking en 1 sur le plan). Ensuite c&rsquo;est tr\u00e8s simple, car le parcours est fl\u00e9ch\u00e9 d\u2019un trait bleu et portant [&hellip;]<\/p>\n","protected":false},"author":1,"featured_media":0,"parent":0,"menu_order":0,"comment_status":"closed","ping_status":"closed","template":"","meta":{"_seopress_robots_primary_cat":"","_seopress_titles_title":"Randonn\u00e9e aux Gorges d\u2019Apremont depuis Barbizon en vid\u00e9o","_seopress_titles_desc":"Gorges d\u2019Apremont : r\u00e9cit et vid\u00e9o d\u2019une randonn\u00e9e depuis Barbizon, au c\u0153ur de la for\u00eat de Fontainebleau.","_seopress_robots_index":"","_et_pb_use_builder":"on","_et_pb_old_content":"","_et_gb_content_width":"","footnotes":""},"class_list":["post-250","page","type-page","status-publish","hentry"],"_links":{"self":[{"href":"https:\/\/voyaphil.com\/en\/wp-json\/wp\/v2\/pages\/250","targetHints":{"allow":["GET"]}}],"collection":[{"href":"https:\/\/voyaphil.com\/en\/wp-json\/wp\/v2\/pages"}],"about":[{"href":"https:\/\/voyaphil.com\/en\/wp-json\/wp\/v2\/types\/page"}],"author":[{"embeddable":true,"href":"https:\/\/voyaphil.com\/en\/wp-json\/wp\/v2\/users\/1"}],"replies":[{"embeddable":true,"href":"https:\/\/voyaphil.com\/en\/wp-json\/wp\/v2\/comments?post=250"}],"version-history":[{"count":7,"href":"https:\/\/voyaphil.com\/en\/wp-json\/wp\/v2\/pages\/250\/revisions"}],"predecessor-version":[{"id":3076,"href":"https:\/\/voyaphil.com\/en\/wp-json\/wp\/v2\/pages\/250\/revisions\/3076"}],"wp:attachment":[{"href":"https:\/\/voyaphil.com\/en\/wp-json\/wp\/v2\/media?parent=250"}],"curies":[{"name":"wp","href":"https:\/\/api.w.org\/{rel}","templated":true}]}}

<p>[et_pb_section fb_built= »1&Prime; _builder_version= »4.27.4&Prime; _module_preset= »default » background_image= »https://voyaphil.com/wp-content/uploads/2025/08/Gorges-dApremon-foret-de-fontainebleau.webp » global_colors_info= »{} »][et_pb_row _builder_version= »4.27.4&Prime; _module_preset= »default » global_colors_info= »{} »][et_pb_column type= »4_4&Prime; _builder_version= »4.27.4&Prime; _module_preset= »default » global_colors_info= »{} »][et_pb_heading title= »Gorges d&rsquo;Apremont » _builder_version= »4.27.4&Prime; _module_preset= »default » title_font= »Playfair Display|||||||| » title_text_align= »center » title_text_color= »#FFFFFF » title_text_shadow_style= »preset2&Prime; global_colors_info= »{} »][/et_pb_heading][/et_pb_column][/et_pb_row][et_pb_row _builder_version= »4.27.4&Prime; _module_preset= »default » custom_margin= »64px|auto||auto|| » global_colors_info= »{} »][et_pb_column type= »4_4&Prime; _builder_version= »4.27.4&Prime; _module_preset= »default » global_colors_info= »{} »][et_pb_heading title= »Bienvenue sur la randonnée des Gorges d&rsquo;Apremont en Forêt de Fontainebleau » _builder_version= »4.27.4&Prime; _module_preset= »default » title_level= »h2&Prime; title_font= »Playfair Display|||||||| » title_text_align= »center » title_text_color= »#FFFFFF » title_text_shadow_style= »preset2&Prime; global_colors_info= »{} »][/et_pb_heading][/et_pb_column][/et_pb_row][/et_pb_section][et_pb_section fb_built= »1&Prime; _builder_version= »4.27.4&Prime; _module_preset= »default » global_colors_info= »{} »][et_pb_row _builder_version= »4.27.4&Prime; _module_preset= »default » global_colors_info= »{} »][et_pb_column type= »4_4&Prime; _builder_version= »4.27.4&Prime; _module_preset= »default » global_colors_info= »{} »][et_pb_text _builder_version= »4.27.4&Prime; _module_preset= »default » text_orientation= »justified » global_colors_info= »{} »]</p>
<p><b>Pour vous rendre à cette randonnée, il suffit d’aller jusqu’au village des peintres de Barbizon, prendre sa rue principale et traversez le village, et au bout en entrant dans la forêt, vous pouvez vous garer (parking en 1 sur le plan).</b></p>
<div><b>Ensuite c&rsquo;est très simple, car le parcours est fléché d’un trait bleu et portant le numéro 6. Compter 2h30’ en prenant le temps de faire des photos et d’admirer le paysage. Distance d’environ 9 km avec des passages dans les rochers.</b></div>
<div><b>En 2 sur le plan, vous verrez le rocher de l’éléphant.</b></div>
<div><b>En 3, c’est le point de vue des gorges d’Apremont.</b></div>
<div><b>En 4, suivez la bifurcation numérotée en 6.6 pour prendre la direction de la Mare aux Biches par les crêtes d’Apremont, sinon vous ferez des kilomètres supplémentaires.</b></div>
<div><b>En 5, vous passerez à la caverne des brigands avant de redescendre vers le carrefour du Bas Bréau et la route de Barbizon.Après cette balade, vous pouvez flâner dans le village des peintres de Barbizon et boire un verre.</b></div>
<p>[/et_pb_text][/et_pb_column][/et_pb_row][/et_pb_section][et_pb_section fb_built= »1&Prime; _builder_version= »4.27.4&Prime; _module_preset= »default » global_colors_info= »{} »][et_pb_row column_structure= »1_2,1_2&Prime; _builder_version= »4.27.4&Prime; _module_preset= »default » global_colors_info= »{} »][et_pb_column type= »1_2&Prime; _builder_version= »4.27.4&Prime; _module_preset= »default » global_colors_info= »{} »][et_pb_image src= »https://voyaphil.com/wp-content/uploads/2025/08/Plan-gorges-dapremont.webp » alt= »Plan gorges d&rsquo;apremont » title_text= »Plan gorges d&rsquo;apremont » show_in_lightbox= »on » _builder_version= »4.27.4&Prime; _module_preset= »default » global_colors_info= »{} »][/et_pb_image][/et_pb_column][et_pb_column type= »1_2&Prime; _builder_version= »4.27.4&Prime; _module_preset= »default » global_colors_info= »{} »][et_pb_code _builder_version= »4.27.4&Prime; _module_preset= »default » global_colors_info= »{} »]<iframe src="https://www.google.com/maps/embed?pb=!1m18!1m12!1m3!1d21178.01826983259!2d2.615789424975428!3d48.43249761174895!2m3!1f0!2f0!3f0!3m2!1i1024!2i768!4f13.1!3m3!1m2!1s0x47e5f236be5124d3%3A0x43d729fb0bf2cfdd!2sGorges%20d&#39;Apremont!5e0!3m2!1sfr!2sfr!4v1756499512965!5m2!1sfr!2sfr" width="600" height="450" style="border:0;" allowfullscreen="" loading="lazy" referrerpolicy="no-referrer-when-downgrade"></iframe>[/et_pb_code][/et_pb_column][/et_pb_row][/et_pb_section][et_pb_section fb_built= »1&Prime; _builder_version= »4.27.4&Prime; _module_preset= »default » global_colors_info= »{} »][et_pb_row _builder_version= »4.27.4&Prime; _module_preset= »default »][et_pb_column _builder_version= »4.27.4&Prime; _module_preset= »default » type= »4_4&Prime;][et_pb_heading title= »Randonnée aux Gorges d’Apremont en vidéo » _builder_version= »4.27.4&Prime; _module_preset= »default » title_level= »h3&Prime; title_font= »Playfair Display|||||||| » title_text_align= »center » hover_enabled= »0&Prime; sticky_enabled= »0&Prime;][/et_pb_heading][/et_pb_column][/et_pb_row][et_pb_row _builder_version= »4.27.4&Prime; _module_preset= »default » global_colors_info= »{} »][et_pb_column type= »4_4&Prime; _builder_version= »4.27.4&Prime; _module_preset= »default » global_colors_info= »{} »][et_pb_video src= »https://www.youtube.com/watch?v=OfA5mfernPM » _builder_version= »4.27.4&Prime; _module_preset= »default » border_radii= »on|10px|10px|10px|10px » global_colors_info= »{} »][/et_pb_video][/et_pb_column][/et_pb_row][/et_pb_section]</p>

<p>Pour vous rendre à cette randonnée, il suffit d’aller jusqu’au village des peintres de Barbizon, prendre sa rue principale et traversez le village, et au bout en entrant dans la forêt, vous pouvez vous garer (parking en 1 sur le plan). Ensuite c&rsquo;est très simple, car le parcours est fléché d’un trait bleu et portant [&hellip;]</p>

Randonnée aux Gorges d’Apremont depuis Barbizon en vidéo

Gorges d’Apremont : récit et vidéo d’une randonnée depuis Barbizon, au cœur de la forêt de Fontainebleau.
