{"id":308,"date":"2025-08-29T12:23:40","date_gmt":"2025-08-29T12:23:40","guid":{"rendered":"https:\/\/voyaphil.com\/?page_id=308"},"modified":"2025-12-04T18:24:22","modified_gmt":"2025-12-04T18:24:22","slug":"chateau-de-vaux-le-vicomte","status":"publish","type":"page","link":"https:\/\/voyaphil.com\/en\/chateau-de-vaux-le-vicomte\/","title":{"rendered":"Vaux-le-Vicomte Castle"},"content":{"rendered":"<p>[et_pb_section fb_built=\u00a0\u00bb1&Prime; _builder_version=\u00a0\u00bb4.27.4&Prime; _module_preset=\u00a0\u00bbdefault\u00a0\u00bb background_image=\u00a0\u00bbhttps:\/\/voyaphil.com\/wp-content\/uploads\/2025\/08\/Chateau-de-Vaux-le-Vicomte.jpg\u00a0\u00bb global_colors_info=\u00a0\u00bb{}\u00a0\u00bb][et_pb_row _builder_version=\u00a0\u00bb4.27.4&Prime; _module_preset=\u00a0\u00bbdefault\u00a0\u00bb global_colors_info=\u00a0\u00bb{}\u00a0\u00bb][et_pb_column type=\u00a0\u00bb4_4&Prime; _builder_version=\u00a0\u00bb4.27.4&Prime; _module_preset=\u00a0\u00bbdefault\u00a0\u00bb global_colors_info=\u00a0\u00bb{}\u00a0\u00bb][et_pb_heading title=\u00a0\u00bbCh\u00e2teau de Vaux-le-Vicomte\u00a0\u00bb _builder_version=\u00a0\u00bb4.27.4&Prime; _module_preset=\u00a0\u00bbdefault\u00a0\u00bb title_font=\u00a0\u00bbPlayfair Display||||||||\u00a0\u00bb title_text_align=\u00a0\u00bbcenter\u00a0\u00bb title_text_color=\u00a0\u00bb#FFFFFF\u00a0\u00bb hover_enabled=\u00a0\u00bb0&Prime; title_text_shadow_style=\u00a0\u00bbpreset2&Prime; global_colors_info=\u00a0\u00bb{}\u00a0\u00bb sticky_enabled=\u00a0\u00bb0&Prime;][\/et_pb_heading][\/et_pb_column][\/et_pb_row][et_pb_row _builder_version=\u00a0\u00bb4.27.4&Prime; _module_preset=\u00a0\u00bbdefault\u00a0\u00bb custom_padding=\u00a0\u00bb283px|||||\u00a0\u00bb global_colors_info=\u00a0\u00bb{}\u00a0\u00bb][et_pb_column type=\u00a0\u00bb4_4&Prime; _builder_version=\u00a0\u00bb4.27.4&Prime; _module_preset=\u00a0\u00bbdefault\u00a0\u00bb global_colors_info=\u00a0\u00bb{}\u00a0\u00bb][et_pb_heading title=\u00a0\u00bbBienvenue au ch\u00e2teau de Vaux-le-Vicomte\u00a0\u00bb _builder_version=\u00a0\u00bb4.27.4&Prime; _module_preset=\u00a0\u00bbdefault\u00a0\u00bb title_level=\u00a0\u00bbh2&Prime; title_font=\u00a0\u00bbPlayfair Display||||||||\u00a0\u00bb title_text_align=\u00a0\u00bbcenter\u00a0\u00bb title_text_color=\u00a0\u00bb#FFFFFF\u00a0\u00bb title_text_shadow_style=\u00a0\u00bbpreset2&Prime; global_colors_info=\u00a0\u00bb{}\u00a0\u00bb][\/et_pb_heading][\/et_pb_column][\/et_pb_row][\/et_pb_section][et_pb_section fb_built=\u00a0\u00bb1&Prime; _builder_version=\u00a0\u00bb4.27.4&Prime; _module_preset=\u00a0\u00bbdefault\u00a0\u00bb global_colors_info=\u00a0\u00bb{}\u00a0\u00bb][et_pb_row column_structure=\u00a0\u00bb1_2,1_2&Prime; _builder_version=\u00a0\u00bb4.27.4&Prime; _module_preset=\u00a0\u00bbdefault\u00a0\u00bb global_colors_info=\u00a0\u00bb{}\u00a0\u00bb][et_pb_column type=\u00a0\u00bb1_2&Prime; _builder_version=\u00a0\u00bb4.27.4&Prime; _module_preset=\u00a0\u00bbdefault\u00a0\u00bb global_colors_info=\u00a0\u00bb{}\u00a0\u00bb][et_pb_text _builder_version=\u00a0\u00bb4.27.4&Prime; _module_preset=\u00a0\u00bbdefault\u00a0\u00bb text_orientation=\u00a0\u00bbjustified\u00a0\u00bb global_colors_info=\u00a0\u00bb{}\u00a0\u00bb]<\/p>\n<p><b>Le Ch\u00e2teau de Vaux-le-Vicomte, splendidement r\u00e9nov\u00e9, accueille depuis plusieurs ann\u00e9es des tournages de longs m\u00e9trages. Les toitures du ch\u00e2teau et de ses d\u00e9pendances couvrent une superficie de 2 hectares, tandis que le domaine s&rsquo;\u00e9tend sur 500 hectares, dont 33 hectares de jardin \u00e0 la fran\u00e7aise con\u00e7u par Le N\u00f4tre, comprenant 20 bassins en eau. Chaque ann\u00e9e, il attire des milliers de visiteurs. Le samedi soir, vous pouvez d\u00eener aux chandelles gr\u00e2ce au restaurant propos\u00e9 dans ce cadre royal. De plus, vous pouvez soutenir l&rsquo;entretien, la restauration et l&rsquo;acquisition d&rsquo;anciens objets ayant appartenu au ch\u00e2teau en rejoignant l&rsquo;association des Amis de Vaux-le-Vicomte, qui offre de nombreux avantages \u00e0 ses membres.<\/b><\/p>\n<p>[\/et_pb_text][\/et_pb_column][et_pb_column type=\u00a0\u00bb1_2&Prime; _builder_version=\u00a0\u00bb4.27.4&Prime; _module_preset=\u00a0\u00bbdefault\u00a0\u00bb global_colors_info=\u00a0\u00bb{}\u00a0\u00bb][et_pb_code _builder_version=\u00a0\u00bb4.27.4&Prime; _module_preset=\u00a0\u00bbdefault\u00a0\u00bb global_colors_info=\u00a0\u00bb{}\u00a0\u00bb]<iframe src=\"https:\/\/www.google.com\/maps\/embed?pb=!1m18!1m12!1m3!1d2640.2995148225978!2d2.7115600776306668!3d48.56581197129393!2m3!1f0!2f0!3f0!3m2!1i1024!2i768!4f13.1!3m3!1m2!1s0x47e5f99096e2928f%3A0xd9060d14d9558a35!2sCh%C3%A2teau%20de%20Vaux-le-Vicomte!5e0!3m2!1sfr!2sfr!4v1756498274573!5m2!1sfr!2sfr\" width=\"600\" height=\"450\" style=\"border:0;\" allowfullscreen=\"\" loading=\"lazy\" referrerpolicy=\"no-referrer-when-downgrade\"><\/iframe>[\/et_pb_code][\/et_pb_column][\/et_pb_row][\/et_pb_section][et_pb_section fb_built=\u00a0\u00bb1&Prime; _builder_version=\u00a0\u00bb4.27.4&Prime; _module_preset=\u00a0\u00bbdefault\u00a0\u00bb global_colors_info=\u00a0\u00bb{}\u00a0\u00bb][et_pb_row _builder_version=\u00a0\u00bb4.27.4&Prime; _module_preset=\u00a0\u00bbdefault\u00a0\u00bb][et_pb_column _builder_version=\u00a0\u00bb4.27.4&Prime; _module_preset=\u00a0\u00bbdefault\u00a0\u00bb type=\u00a0\u00bb4_4&Prime;][et_pb_heading title=\u00a0\u00bbCh\u00e2teau de Vaux-le-Vicomte en Vid\u00e9o\u00a0\u00bb _builder_version=\u00a0\u00bb4.27.4&Prime; _module_preset=\u00a0\u00bbdefault\u00a0\u00bb title_level=\u00a0\u00bbh3&Prime; title_font=\u00a0\u00bbPlayfair Display||||||||\u00a0\u00bb title_text_align=\u00a0\u00bbcenter\u00a0\u00bb hover_enabled=\u00a0\u00bb0&Prime; sticky_enabled=\u00a0\u00bb0&Prime;][\/et_pb_heading][\/et_pb_column][\/et_pb_row][et_pb_row _builder_version=\u00a0\u00bb4.27.4&Prime; _module_preset=\u00a0\u00bbdefault\u00a0\u00bb global_colors_info=\u00a0\u00bb{}\u00a0\u00bb][et_pb_column type=\u00a0\u00bb4_4&Prime; _builder_version=\u00a0\u00bb4.27.4&Prime; _module_preset=\u00a0\u00bbdefault\u00a0\u00bb global_colors_info=\u00a0\u00bb{}\u00a0\u00bb][et_pb_video src=\u00a0\u00bbhttps:\/\/www.youtube.com\/watch?v=078p_KUVHhM\u00a0\u00bb _builder_version=\u00a0\u00bb4.27.4&Prime; _module_preset=\u00a0\u00bbdefault\u00a0\u00bb border_radii=\u00a0\u00bbon|10px|10px|10px|10px\u00a0\u00bb global_colors_info=\u00a0\u00bb{}\u00a0\u00bb][\/et_pb_video][\/et_pb_column][\/et_pb_row][\/et_pb_section]<\/p>\n","protected":false},"excerpt":{"rendered":"<p>Le Ch\u00e2teau de Vaux-le-Vicomte, splendidement r\u00e9nov\u00e9, accueille depuis plusieurs ann\u00e9es des tournages de longs m\u00e9trages. Les toitures du ch\u00e2teau et de ses d\u00e9pendances couvrent une superficie de 2 hectares, tandis que le domaine s&rsquo;\u00e9tend sur 500 hectares, dont 33 hectares de jardin \u00e0 la fran\u00e7aise con\u00e7u par Le N\u00f4tre, comprenant 20 bassins en eau. Chaque [&hellip;]<\/p>\n","protected":false},"author":1,"featured_media":0,"parent":0,"menu_order":0,"comment_status":"closed","ping_status":"closed","template":"","meta":{"_seopress_robots_primary_cat":"","_seopress_titles_title":"Ch\u00e2teau de Vaux-le-Vicomte : chef-d\u2019\u0153uvre baroque en vid\u00e9o","_seopress_titles_desc":"Voyage au Ch\u00e2teau de Vaux-le-Vicomte : explorez son architecture et ses jardins majestueux gr\u00e2ce \u00e0 notre vid\u00e9o.","_seopress_robots_index":"","_et_pb_use_builder":"on","_et_pb_old_content":"","_et_gb_content_width":"","footnotes":""},"class_list":["post-308","page","type-page","status-publish","hentry"],"_links":{"self":[{"href":"https:\/\/voyaphil.com\/en\/wp-json\/wp\/v2\/pages\/308","targetHints":{"allow":["GET"]}}],"collection":[{"href":"https:\/\/voyaphil.com\/en\/wp-json\/wp\/v2\/pages"}],"about":[{"href":"https:\/\/voyaphil.com\/en\/wp-json\/wp\/v2\/types\/page"}],"author":[{"embeddable":true,"href":"https:\/\/voyaphil.com\/en\/wp-json\/wp\/v2\/users\/1"}],"replies":[{"embeddable":true,"href":"https:\/\/voyaphil.com\/en\/wp-json\/wp\/v2\/comments?post=308"}],"version-history":[{"count":6,"href":"https:\/\/voyaphil.com\/en\/wp-json\/wp\/v2\/pages\/308\/revisions"}],"predecessor-version":[{"id":3039,"href":"https:\/\/voyaphil.com\/en\/wp-json\/wp\/v2\/pages\/308\/revisions\/3039"}],"wp:attachment":[{"href":"https:\/\/voyaphil.com\/en\/wp-json\/wp\/v2\/media?parent=308"}],"curies":[{"name":"wp","href":"https:\/\/api.w.org\/{rel}","templated":true}]}}

<p>[et_pb_section fb_built= »1&Prime; _builder_version= »4.27.4&Prime; _module_preset= »default » background_image= »https://voyaphil.com/wp-content/uploads/2025/08/Chateau-de-Vaux-le-Vicomte.jpg » global_colors_info= »{} »][et_pb_row _builder_version= »4.27.4&Prime; _module_preset= »default » global_colors_info= »{} »][et_pb_column type= »4_4&Prime; _builder_version= »4.27.4&Prime; _module_preset= »default » global_colors_info= »{} »][et_pb_heading title= »Château de Vaux-le-Vicomte » _builder_version= »4.27.4&Prime; _module_preset= »default » title_font= »Playfair Display|||||||| » title_text_align= »center » title_text_color= »#FFFFFF » hover_enabled= »0&Prime; title_text_shadow_style= »preset2&Prime; global_colors_info= »{} » sticky_enabled= »0&Prime;][/et_pb_heading][/et_pb_column][/et_pb_row][et_pb_row _builder_version= »4.27.4&Prime; _module_preset= »default » custom_padding= »283px||||| » global_colors_info= »{} »][et_pb_column type= »4_4&Prime; _builder_version= »4.27.4&Prime; _module_preset= »default » global_colors_info= »{} »][et_pb_heading title= »Bienvenue au château de Vaux-le-Vicomte » _builder_version= »4.27.4&Prime; _module_preset= »default » title_level= »h2&Prime; title_font= »Playfair Display|||||||| » title_text_align= »center » title_text_color= »#FFFFFF » title_text_shadow_style= »preset2&Prime; global_colors_info= »{} »][/et_pb_heading][/et_pb_column][/et_pb_row][/et_pb_section][et_pb_section fb_built= »1&Prime; _builder_version= »4.27.4&Prime; _module_preset= »default » global_colors_info= »{} »][et_pb_row column_structure= »1_2,1_2&Prime; _builder_version= »4.27.4&Prime; _module_preset= »default » global_colors_info= »{} »][et_pb_column type= »1_2&Prime; _builder_version= »4.27.4&Prime; _module_preset= »default » global_colors_info= »{} »][et_pb_text _builder_version= »4.27.4&Prime; _module_preset= »default » text_orientation= »justified » global_colors_info= »{} »]</p>
<p><b>Le Château de Vaux-le-Vicomte, splendidement rénové, accueille depuis plusieurs années des tournages de longs métrages. Les toitures du château et de ses dépendances couvrent une superficie de 2 hectares, tandis que le domaine s&rsquo;étend sur 500 hectares, dont 33 hectares de jardin à la française conçu par Le Nôtre, comprenant 20 bassins en eau. Chaque année, il attire des milliers de visiteurs. Le samedi soir, vous pouvez dîner aux chandelles grâce au restaurant proposé dans ce cadre royal. De plus, vous pouvez soutenir l&rsquo;entretien, la restauration et l&rsquo;acquisition d&rsquo;anciens objets ayant appartenu au château en rejoignant l&rsquo;association des Amis de Vaux-le-Vicomte, qui offre de nombreux avantages à ses membres.</b></p>
<p>[/et_pb_text][/et_pb_column][et_pb_column type= »1_2&Prime; _builder_version= »4.27.4&Prime; _module_preset= »default » global_colors_info= »{} »][et_pb_code _builder_version= »4.27.4&Prime; _module_preset= »default » global_colors_info= »{} »]<iframe src="https://www.google.com/maps/embed?pb=!1m18!1m12!1m3!1d2640.2995148225978!2d2.7115600776306668!3d48.56581197129393!2m3!1f0!2f0!3f0!3m2!1i1024!2i768!4f13.1!3m3!1m2!1s0x47e5f99096e2928f%3A0xd9060d14d9558a35!2sCh%C3%A2teau%20de%20Vaux-le-Vicomte!5e0!3m2!1sfr!2sfr!4v1756498274573!5m2!1sfr!2sfr" width="600" height="450" style="border:0;" allowfullscreen="" loading="lazy" referrerpolicy="no-referrer-when-downgrade"></iframe>[/et_pb_code][/et_pb_column][/et_pb_row][/et_pb_section][et_pb_section fb_built= »1&Prime; _builder_version= »4.27.4&Prime; _module_preset= »default » global_colors_info= »{} »][et_pb_row _builder_version= »4.27.4&Prime; _module_preset= »default »][et_pb_column _builder_version= »4.27.4&Prime; _module_preset= »default » type= »4_4&Prime;][et_pb_heading title= »Château de Vaux-le-Vicomte en Vidéo » _builder_version= »4.27.4&Prime; _module_preset= »default » title_level= »h3&Prime; title_font= »Playfair Display|||||||| » title_text_align= »center » hover_enabled= »0&Prime; sticky_enabled= »0&Prime;][/et_pb_heading][/et_pb_column][/et_pb_row][et_pb_row _builder_version= »4.27.4&Prime; _module_preset= »default » global_colors_info= »{} »][et_pb_column type= »4_4&Prime; _builder_version= »4.27.4&Prime; _module_preset= »default » global_colors_info= »{} »][et_pb_video src= »https://www.youtube.com/watch?v=078p_KUVHhM » _builder_version= »4.27.4&Prime; _module_preset= »default » border_radii= »on|10px|10px|10px|10px » global_colors_info= »{} »][/et_pb_video][/et_pb_column][/et_pb_row][/et_pb_section]</p>

<p>Le Château de Vaux-le-Vicomte, splendidement rénové, accueille depuis plusieurs années des tournages de longs métrages. Les toitures du château et de ses dépendances couvrent une superficie de 2 hectares, tandis que le domaine s&rsquo;étend sur 500 hectares, dont 33 hectares de jardin à la française conçu par Le Nôtre, comprenant 20 bassins en eau. Chaque [&hellip;]</p>

Château de Vaux-le-Vicomte : chef-d’œuvre baroque en vidéo

Voyage au Château de Vaux-le-Vicomte : explorez son architecture et ses jardins majestueux grâce à notre vidéo.
